{"id":186,"date":"2025-01-24T16:30:22","date_gmt":"2025-01-24T16:30:22","guid":{"rendered":"https:\/\/hohenloher-landgockel.de\/?page_id=186"},"modified":"2025-10-10T16:53:21","modified_gmt":"2025-10-10T16:53:21","slug":"bio-ente","status":"publish","type":"page","link":"https:\/\/gefluegelvombrunnenhof.de\/index.php\/bio-ente\/","title":{"rendered":"Bio-Ente"},"content":{"rendered":"<div class=\"wpb-content-wrapper\"><p>[vc_row][vc_column][vc_column_text css=&#8220;&#8220;]<\/p>\n<p style=\"text-align: center;\">Seit vielen Jahren wachsen unsere Brunnenhof-Bio-Enten bei unseren Demeter-\/Bioland- &amp; Bio-Partner-Betrieben auf. Auf Basis langj\u00e4hrigen Erfahrung haben wir uns ein gutes Bio-Netzwerk aufgebaut, das von Baden-W\u00fcrttemberg und Bayern \u00fcber den hessischen Vogelsberg, den Odenwald und bis nach Niedersachsen reicht.<\/p>\n<p style=\"text-align: center;\">Enten k\u00f6nnen jederzeit vorbestellt werden und sind j\u00e4hrlich ab November abholbereit oder lieferbar. Probieren Sie gerne unser Lieblingsrezept: <a href=\"https:\/\/gefluegelvombrunnenhof.de\/wp-content\/uploads\/2025\/06\/Ente-klassisch.pdf\">Klassischer Entenbraten aus dem Backofen<\/a><\/p>\n<p>[\/vc_column_text][\/vc_column][\/vc_row][vc_row][vc_column][vc_single_image image=&#8220;144&#8243; img_size=&#8220;medium&#8220; alignment=&#8220;center&#8220; css=&#8220;&#8220;][\/vc_column][\/vc_row]<\/p>\n<\/div>","protected":false},"excerpt":{"rendered":"<p>[vc_row][vc_column][vc_column_text css=&#8220;&#8220;] Seit vielen Jahren wachsen unsere Brunnenhof-Bio-Enten bei unseren Demeter-\/Bioland- &amp; Bio-Partner-Betrieben auf. Auf Basis langj\u00e4hrigen Erfahrung haben wir uns ein gutes Bio-Netzwerk aufgebaut, das von Baden-W\u00fcrttemberg und Bayern \u00fcber den hessischen Vogelsberg, den Odenwald und bis nach Niedersachsen reicht. Enten k\u00f6nnen jederzeit vorbestellt werden und sind j\u00e4hrlich ab November abholbereit oder lieferbar. Probieren Sie gerne unser Lieblingsrezept: Klassischer Entenbraten aus dem Backofen [\/vc_column_text][\/vc_column][\/vc_row][vc_row][vc_column][vc_single_image image=&#8220;144&#8243; img_size=&#8220;medium&#8220; alignment=&#8220;center&#8220; css=&#8220;&#8220;][\/vc_column][\/vc_row]<\/p>\n","protected":false},"author":1,"featured_media":0,"parent":0,"menu_order":0,"comment_status":"closed","ping_status":"closed","template":"","meta":{"footnotes":""},"class_list":["post-186","page","type-page","status-publish","hentry"],"_links":{"self":[{"href":"https:\/\/gefluegelvombrunnenhof.de\/index.php\/wp-json\/wp\/v2\/pages\/186","targetHints":{"allow":["GET"]}}],"collection":[{"href":"https:\/\/gefluegelvombrunnenhof.de\/index.php\/wp-json\/wp\/v2\/pages"}],"about":[{"href":"https:\/\/gefluegelvombrunnenhof.de\/index.php\/wp-json\/wp\/v2\/types\/page"}],"author":[{"embeddable":true,"href":"https:\/\/gefluegelvombrunnenhof.de\/index.php\/wp-json\/wp\/v2\/users\/1"}],"replies":[{"embeddable":true,"href":"https:\/\/gefluegelvombrunnenhof.de\/index.php\/wp-json\/wp\/v2\/comments?post=186"}],"version-history":[{"count":6,"href":"https:\/\/gefluegelvombrunnenhof.de\/index.php\/wp-json\/wp\/v2\/pages\/186\/revisions"}],"predecessor-version":[{"id":730,"href":"https:\/\/gefluegelvombrunnenhof.de\/index.php\/wp-json\/wp\/v2\/pages\/186\/revisions\/730"}],"wp:attachment":[{"href":"https:\/\/gefluegelvombrunnenhof.de\/index.php\/wp-json\/wp\/v2\/media?parent=186"}],"curies":[{"name":"wp","href":"https:\/\/api.w.org\/{rel}","templated":true}]}}